{"id":2,"date":"2023-10-09T14:55:16","date_gmt":"2023-10-09T14:55:16","guid":{"rendered":"https:\/\/simaimpianti.info\/?page_id=2"},"modified":"2023-10-24T19:50:26","modified_gmt":"2023-10-24T19:50:26","slug":"sample-page","status":"publish","type":"page","link":"https:\/\/simaimpianti.info\/index.php\/sample-page\/","title":{"rendered":"Impianti di Backup e Switch"},"content":{"rendered":"\n<div class=\"wp-block-columns is-layout-flex wp-container-core-columns-is-layout-9d6595d7 wp-block-columns-is-layout-flex\">\n<div class=\"wp-block-column is-layout-flow wp-block-column-is-layout-flow\">\n<figure class=\"wp-block-image size-large\"><a href=\"https:\/\/simaimpianti.info\/wp-content\/uploads\/2023\/10\/HM10.gif\"><img loading=\"lazy\" decoding=\"async\" width=\"1024\" height=\"576\" src=\"https:\/\/simaimpianti.info\/wp-content\/uploads\/2023\/10\/HM10-1024x576.gif\" alt=\"\" class=\"wp-image-91\" srcset=\"https:\/\/simaimpianti.info\/wp-content\/uploads\/2023\/10\/HM10-1024x576.gif 1024w, https:\/\/simaimpianti.info\/wp-content\/uploads\/2023\/10\/HM10-300x169.gif 300w, https:\/\/simaimpianti.info\/wp-content\/uploads\/2023\/10\/HM10-768x432.gif 768w, https:\/\/simaimpianti.info\/wp-content\/uploads\/2023\/10\/HM10-1536x864.gif 1536w, https:\/\/simaimpianti.info\/wp-content\/uploads\/2023\/10\/HM10-389x219.gif 389w\" sizes=\"auto, (max-width: 1024px) 100vw, 1024px\" \/><\/a><\/figure>\n<\/div>\n\n\n\n<div class=\"wp-block-column is-layout-flow wp-block-column-is-layout-flow\">\n<p>\u00c8 un sistema che permette di passare da una fonte di energia all&#8217;altra in modo automatico e rapido In ambito termoidraulico, un impianto di backup o di switch viene utilizzato per garantire la continuit\u00e0 del servizio di riscaldamento o di produzione di acqua calda in caso di interruzione o di scarsit\u00e0 di una fonte di energia. Ad esempio, un impianto di backup pu\u00f2 prevedere l&#8217;utilizzo di un generatore di emergenza per fornire energia elettrica in caso di blackout, mentre un impianto di switch pu\u00f2 consentire di passare dall&#8217;utilizzo del metano a quello del GPL senza dover sostituire l&#8217;intero impianto di riscaldamento. L&#8217;impianto di switch Metano &#8211; GPL&nbsp;rappresenta una soluzione flessibile e conveniente per chi desidera passare dall&#8217;utilizzo del metano a quello del GPL, o viceversa, Grazie alla sua versatilit\u00e0, l&#8217;impianto permette di usufruire delle diverse tariffe offerte dai fornitori di gas, garantendo un notevole risparmio economico. Scegliere la nostra azienda significa affidarsi a professionisti che mettono passione in ogni fase del lavoro. Con noi, puoi avere la tranquillit\u00e0 di affidarti ad un partner che lavora con impegno. La nostra azienda si contraddistingue per la massima professionalit\u00e0 e competenza nel settore. I prodotti vengono realizzati con cura artigianale per garantire la massima qualit\u00e0 e soluzioni personalizzate per ogni cliente. La nostra azienda \u00e8 sinonimo di competenza ed esperienza nel settore. Siamo costantemente aggiornati sulle nuove tecnologie e sulle normative vigenti per garantire soluzioni all&#8217;avanguardia e conformi alle esigenze del mercato. L&#8217;impianto GPL con due serbatoi da 5000 litri collegati a un vaporizzatore rappresenta una soluzione altamente efficiente per la produzione di energia termica. Grazie alla capienza dei serbatoi, l&#8217;impianto \u00e8 in grado di garantire un&#8217;ampia autonomia di utilizzo, riducendo al minimo le interruzioni operative per la necessit\u00e0 di rifornimento. Il collegamento al vaporizzatore consente inoltre di trasformare il GPL da liquido a gas, rendendolo utilizzabile per alimentare impianti di riscaldamento, fornendo un&#8217;efficace alternativa alle tradizionali fonti energetiche. In questo modo, l&#8217;impianto si rivela un&#8217;ottima soluzione per chi cerca un sistema di riscaldamento efficiente, affidabile e a basso impatto ambientale. L&#8217;impianto di switch Metano &#8211; GPL rappresenta una soluzione conveniente per chi desidera passare dall&#8217;utilizzo del metano a quello del GPL<\/p>\n<\/div>\n<\/div>\n\n\n\n<div style=\"height:100px\" aria-hidden=\"true\" class=\"wp-block-spacer\"><\/div>\n\n\n\n<div class=\"wp-block-columns are-vertically-aligned-top is-layout-flex wp-container-core-columns-is-layout-9d6595d7 wp-block-columns-is-layout-flex\">\n<div class=\"wp-block-column is-layout-flow wp-block-column-is-layout-flow\">\n<figure class=\"wp-block-gallery has-nested-images columns-default is-cropped wp-block-gallery-1 is-layout-flex wp-block-gallery-is-layout-flex\">\n<figure class=\"wp-block-image size-large is-style-default\"><a href=\"https:\/\/simaimpianti.info\/wp-content\/uploads\/2023\/10\/HHSOTTO1-1.jpg\"><img loading=\"lazy\" decoding=\"async\" width=\"1024\" height=\"576\" data-id=\"182\" src=\"https:\/\/simaimpianti.info\/wp-content\/uploads\/2023\/10\/HHSOTTO1-1-1024x576.jpg\" alt=\"\" class=\"wp-image-182\" srcset=\"https:\/\/simaimpianti.info\/wp-content\/uploads\/2023\/10\/HHSOTTO1-1-1024x576.jpg 1024w, https:\/\/simaimpianti.info\/wp-content\/uploads\/2023\/10\/HHSOTTO1-1-300x169.jpg 300w, https:\/\/simaimpianti.info\/wp-content\/uploads\/2023\/10\/HHSOTTO1-1-768x432.jpg 768w, https:\/\/simaimpianti.info\/wp-content\/uploads\/2023\/10\/HHSOTTO1-1-1536x864.jpg 1536w, https:\/\/simaimpianti.info\/wp-content\/uploads\/2023\/10\/HHSOTTO1-1-389x219.jpg 389w, https:\/\/simaimpianti.info\/wp-content\/uploads\/2023\/10\/HHSOTTO1-1-414x233.jpg 414w, https:\/\/simaimpianti.info\/wp-content\/uploads\/2023\/10\/HHSOTTO1-1-533x300.jpg 533w, https:\/\/simaimpianti.info\/wp-content\/uploads\/2023\/10\/HHSOTTO1-1-512x288.jpg 512w, https:\/\/simaimpianti.info\/wp-content\/uploads\/2023\/10\/HHSOTTO1-1.jpg 1920w\" sizes=\"auto, (max-width: 1024px) 100vw, 1024px\" \/><\/a><\/figure>\n\n\n\n<figure class=\"wp-block-image size-large\"><a href=\"https:\/\/simaimpianti.info\/wp-content\/uploads\/2023\/10\/HHSOTTO9.jpg\"><img loading=\"lazy\" decoding=\"async\" width=\"1024\" height=\"576\" data-id=\"183\" src=\"https:\/\/simaimpianti.info\/wp-content\/uploads\/2023\/10\/HHSOTTO9-1024x576.jpg\" alt=\"\" class=\"wp-image-183\" srcset=\"https:\/\/simaimpianti.info\/wp-content\/uploads\/2023\/10\/HHSOTTO9-1024x576.jpg 1024w, https:\/\/simaimpianti.info\/wp-content\/uploads\/2023\/10\/HHSOTTO9-300x169.jpg 300w, https:\/\/simaimpianti.info\/wp-content\/uploads\/2023\/10\/HHSOTTO9-768x432.jpg 768w, https:\/\/simaimpianti.info\/wp-content\/uploads\/2023\/10\/HHSOTTO9-1536x864.jpg 1536w, https:\/\/simaimpianti.info\/wp-content\/uploads\/2023\/10\/HHSOTTO9-389x219.jpg 389w, https:\/\/simaimpianti.info\/wp-content\/uploads\/2023\/10\/HHSOTTO9-414x233.jpg 414w, https:\/\/simaimpianti.info\/wp-content\/uploads\/2023\/10\/HHSOTTO9-533x300.jpg 533w, https:\/\/simaimpianti.info\/wp-content\/uploads\/2023\/10\/HHSOTTO9-512x288.jpg 512w, https:\/\/simaimpianti.info\/wp-content\/uploads\/2023\/10\/HHSOTTO9.jpg 1920w\" sizes=\"auto, (max-width: 1024px) 100vw, 1024px\" \/><\/a><\/figure>\n\n\n\n<figure class=\"wp-block-image size-large\"><a href=\"https:\/\/simaimpianti.info\/wp-content\/uploads\/2023\/10\/HM9.gif\"><img loading=\"lazy\" decoding=\"async\" width=\"1024\" height=\"576\" data-id=\"97\" src=\"https:\/\/simaimpianti.info\/wp-content\/uploads\/2023\/10\/HM9-1024x576.gif\" alt=\"\" class=\"wp-image-97\" srcset=\"https:\/\/simaimpianti.info\/wp-content\/uploads\/2023\/10\/HM9-1024x576.gif 1024w, https:\/\/simaimpianti.info\/wp-content\/uploads\/2023\/10\/HM9-300x169.gif 300w, https:\/\/simaimpianti.info\/wp-content\/uploads\/2023\/10\/HM9-768x432.gif 768w, https:\/\/simaimpianti.info\/wp-content\/uploads\/2023\/10\/HM9-1536x864.gif 1536w, https:\/\/simaimpianti.info\/wp-content\/uploads\/2023\/10\/HM9-389x219.gif 389w\" sizes=\"auto, (max-width: 1024px) 100vw, 1024px\" \/><\/a><\/figure>\n<\/figure>\n<\/div>\n<\/div>\n","protected":false},"excerpt":{"rendered":"<p>\u00c8 un sistema che permette di passare da una fonte di energia all&#8217;altra in modo automatico e rapido In ambito termoidraulico, un impianto di backup &hellip;<\/p>\n","protected":false},"author":1,"featured_media":98,"parent":0,"menu_order":0,"comment_status":"closed","ping_status":"open","template":"","meta":{"footnotes":""},"class_list":["post-2","page","type-page","status-publish","has-post-thumbnail","hentry"],"aioseo_notices":[],"_links":{"self":[{"href":"https:\/\/simaimpianti.info\/index.php\/wp-json\/wp\/v2\/pages\/2","targetHints":{"allow":["GET"]}}],"collection":[{"href":"https:\/\/simaimpianti.info\/index.php\/wp-json\/wp\/v2\/pages"}],"about":[{"href":"https:\/\/simaimpianti.info\/index.php\/wp-json\/wp\/v2\/types\/page"}],"author":[{"embeddable":true,"href":"https:\/\/simaimpianti.info\/index.php\/wp-json\/wp\/v2\/users\/1"}],"replies":[{"embeddable":true,"href":"https:\/\/simaimpianti.info\/index.php\/wp-json\/wp\/v2\/comments?post=2"}],"version-history":[{"count":21,"href":"https:\/\/simaimpianti.info\/index.php\/wp-json\/wp\/v2\/pages\/2\/revisions"}],"predecessor-version":[{"id":241,"href":"https:\/\/simaimpianti.info\/index.php\/wp-json\/wp\/v2\/pages\/2\/revisions\/241"}],"wp:featuredmedia":[{"embeddable":true,"href":"https:\/\/simaimpianti.info\/index.php\/wp-json\/wp\/v2\/media\/98"}],"wp:attachment":[{"href":"https:\/\/simaimpianti.info\/index.php\/wp-json\/wp\/v2\/media?parent=2"}],"curies":[{"name":"wp","href":"https:\/\/api.w.org\/{rel}","templated":true}]}}