{"id":78,"date":"2023-10-16T15:53:48","date_gmt":"2023-10-16T15:53:48","guid":{"rendered":"https:\/\/simaimpianti.info\/?page_id=78"},"modified":"2023-10-16T20:55:46","modified_gmt":"2023-10-16T20:55:46","slug":"la-vaporizzazione","status":"publish","type":"page","link":"https:\/\/simaimpianti.info\/index.php\/la-vaporizzazione\/","title":{"rendered":"La Vaporizzazione"},"content":{"rendered":"\n<div class=\"wp-block-columns is-layout-flex wp-container-core-columns-is-layout-9d6595d7 wp-block-columns-is-layout-flex\">\n<div class=\"wp-block-column is-layout-flow wp-block-column-is-layout-flow\">\n<figure class=\"wp-block-image size-large\"><a href=\"https:\/\/simaimpianti.info\/wp-content\/uploads\/2023\/10\/HEADER_PHOTOSHOP2.jpg\"><img loading=\"lazy\" decoding=\"async\" width=\"1024\" height=\"768\" src=\"https:\/\/simaimpianti.info\/wp-content\/uploads\/2023\/10\/HEADER_PHOTOSHOP2-1024x768.jpg\" alt=\"\" class=\"wp-image-25\" srcset=\"https:\/\/simaimpianti.info\/wp-content\/uploads\/2023\/10\/HEADER_PHOTOSHOP2-1024x768.jpg 1024w, https:\/\/simaimpianti.info\/wp-content\/uploads\/2023\/10\/HEADER_PHOTOSHOP2-300x225.jpg 300w, https:\/\/simaimpianti.info\/wp-content\/uploads\/2023\/10\/HEADER_PHOTOSHOP2-768x576.jpg 768w, https:\/\/simaimpianti.info\/wp-content\/uploads\/2023\/10\/HEADER_PHOTOSHOP2-1536x1152.jpg 1536w, https:\/\/simaimpianti.info\/wp-content\/uploads\/2023\/10\/HEADER_PHOTOSHOP2-389x292.jpg 389w, https:\/\/simaimpianti.info\/wp-content\/uploads\/2023\/10\/HEADER_PHOTOSHOP2.jpg 2000w\" sizes=\"auto, (max-width: 1024px) 100vw, 1024px\" \/><\/a><\/figure>\n<\/div>\n\n\n\n<div class=\"wp-block-column is-layout-flow wp-block-column-is-layout-flow\">\n<p id=\"block-50800432-3e39-4b3d-86e7-ce16aad1b1c6\">Il propano e il butano, due dei gas di petrolio liquefatti pi\u00f9 utilizzati, vengono immagazzinati nello stato liquido per essere successivamente utilizzati nello stato gassoso. Tuttavia, per convertirli in gas, \u00e8 necessario apportare una certa quantit\u00e0 di calore. In alcuni casi, la temperatura ambientale \u00e8 sufficiente per vaporizzare il gas naturalmente nei recipienti di stoccaggio. Tuttavia, questa soluzione non sempre soddisfa le necessit\u00e0, soprattutto in caso di richieste elevate di gas.<\/p>\n\n\n\n<p id=\"block-b92a7a0e-e0f7-44ac-a7e0-742ae5b42a29\">Per risolvere questo problema, viene utilizzato un dispositivo chiamato vaporizzatore, che fornisce una quantit\u00e0 maggiore di gas vaporizzato rispetto a quello che si ottiene naturalmente. Inoltre, il vaporizzatore consente di fornire gas a composizione costante, evitando la necessit\u00e0 di una distillazione per separare i componenti a differente volatilit\u00e0 che spesso sono presenti nei gas di petrolio liquefatti.<\/p>\n\n\n\n<p id=\"block-9f0a2890-934e-4ba4-8cd0-4fc29caf0564\">Per soddisfare le esigenze degli impianti industriali e centralizzati, disponiamo di una gamma di vaporizzatori per gas di petrolio liquefatti che utilizzano diverse tecniche di riscaldamento, tra cui il riscaldamento elettrico e la circolazione di acqua calda.<\/p>\n\n\n\n<p id=\"block-afab78c4-56ff-4b41-83d0-a59006a07a00\">Tutti i nostri impianti sono realizzati in maniera artigianale per garantire la massima affidabilit\u00e0 ed efficienza.<\/p>\n\n\n\n<p id=\"block-e9d66867-0a6c-451d-9f94-4d1c97ef037e\">Grazie a queste soluzioni innovative, \u00e8 possibile ottenere grandi quantit\u00e0 di gas vaporizzato in modo efficiente ed economico, senza dover temere una variazione nella composizione del gas.<\/p>\n<\/div>\n<\/div>\n\n\n\n<div style=\"height:50px\" aria-hidden=\"true\" class=\"wp-block-spacer\"><\/div>\n\n\n\n<figure class=\"wp-block-gallery has-nested-images columns-default is-cropped wp-block-gallery-1 is-layout-flex wp-block-gallery-is-layout-flex\">\n<figure class=\"wp-block-image size-large\"><a href=\"https:\/\/simaimpianti.info\/wp-content\/uploads\/2023\/10\/HM6-1.gif\"><img loading=\"lazy\" decoding=\"async\" width=\"1024\" height=\"576\" data-id=\"85\" src=\"https:\/\/simaimpianti.info\/wp-content\/uploads\/2023\/10\/HM6-1-1024x576.gif\" alt=\"\" class=\"wp-image-85\" srcset=\"https:\/\/simaimpianti.info\/wp-content\/uploads\/2023\/10\/HM6-1-1024x576.gif 1024w, https:\/\/simaimpianti.info\/wp-content\/uploads\/2023\/10\/HM6-1-300x169.gif 300w, https:\/\/simaimpianti.info\/wp-content\/uploads\/2023\/10\/HM6-1-768x432.gif 768w, https:\/\/simaimpianti.info\/wp-content\/uploads\/2023\/10\/HM6-1-1536x864.gif 1536w, https:\/\/simaimpianti.info\/wp-content\/uploads\/2023\/10\/HM6-1-389x219.gif 389w\" sizes=\"auto, (max-width: 1024px) 100vw, 1024px\" \/><\/a><\/figure>\n\n\n\n<figure class=\"wp-block-image size-large\"><a href=\"https:\/\/simaimpianti.info\/wp-content\/uploads\/2023\/10\/HM7.gif\"><img loading=\"lazy\" decoding=\"async\" width=\"1024\" height=\"576\" data-id=\"84\" src=\"https:\/\/simaimpianti.info\/wp-content\/uploads\/2023\/10\/HM7-1024x576.gif\" alt=\"\" class=\"wp-image-84\" srcset=\"https:\/\/simaimpianti.info\/wp-content\/uploads\/2023\/10\/HM7-1024x576.gif 1024w, https:\/\/simaimpianti.info\/wp-content\/uploads\/2023\/10\/HM7-300x169.gif 300w, https:\/\/simaimpianti.info\/wp-content\/uploads\/2023\/10\/HM7-768x432.gif 768w, https:\/\/simaimpianti.info\/wp-content\/uploads\/2023\/10\/HM7-1536x864.gif 1536w, https:\/\/simaimpianti.info\/wp-content\/uploads\/2023\/10\/HM7-389x219.gif 389w\" sizes=\"auto, (max-width: 1024px) 100vw, 1024px\" \/><\/a><\/figure>\n\n\n\n<figure class=\"wp-block-image size-large\"><a href=\"https:\/\/simaimpianti.info\/wp-content\/uploads\/2023\/10\/HM8.gif\"><img loading=\"lazy\" decoding=\"async\" width=\"1024\" height=\"576\" data-id=\"86\" src=\"https:\/\/simaimpianti.info\/wp-content\/uploads\/2023\/10\/HM8-1024x576.gif\" alt=\"\" class=\"wp-image-86\" srcset=\"https:\/\/simaimpianti.info\/wp-content\/uploads\/2023\/10\/HM8-1024x576.gif 1024w, https:\/\/simaimpianti.info\/wp-content\/uploads\/2023\/10\/HM8-300x169.gif 300w, https:\/\/simaimpianti.info\/wp-content\/uploads\/2023\/10\/HM8-768x432.gif 768w, https:\/\/simaimpianti.info\/wp-content\/uploads\/2023\/10\/HM8-1536x864.gif 1536w, https:\/\/simaimpianti.info\/wp-content\/uploads\/2023\/10\/HM8-389x219.gif 389w\" sizes=\"auto, (max-width: 1024px) 100vw, 1024px\" \/><\/a><\/figure>\n<\/figure>\n","protected":false},"excerpt":{"rendered":"<p>Il propano e il butano, due dei gas di petrolio liquefatti pi\u00f9 utilizzati, vengono immagazzinati nello stato liquido per essere successivamente utilizzati nello stato gassoso. &hellip;<\/p>\n","protected":false},"author":1,"featured_media":0,"parent":0,"menu_order":0,"comment_status":"closed","ping_status":"closed","template":"","meta":{"footnotes":""},"class_list":["post-78","page","type-page","status-publish","hentry"],"aioseo_notices":[],"_links":{"self":[{"href":"https:\/\/simaimpianti.info\/index.php\/wp-json\/wp\/v2\/pages\/78","targetHints":{"allow":["GET"]}}],"collection":[{"href":"https:\/\/simaimpianti.info\/index.php\/wp-json\/wp\/v2\/pages"}],"about":[{"href":"https:\/\/simaimpianti.info\/index.php\/wp-json\/wp\/v2\/types\/page"}],"author":[{"embeddable":true,"href":"https:\/\/simaimpianti.info\/index.php\/wp-json\/wp\/v2\/users\/1"}],"replies":[{"embeddable":true,"href":"https:\/\/simaimpianti.info\/index.php\/wp-json\/wp\/v2\/comments?post=78"}],"version-history":[{"count":7,"href":"https:\/\/simaimpianti.info\/index.php\/wp-json\/wp\/v2\/pages\/78\/revisions"}],"predecessor-version":[{"id":170,"href":"https:\/\/simaimpianti.info\/index.php\/wp-json\/wp\/v2\/pages\/78\/revisions\/170"}],"wp:attachment":[{"href":"https:\/\/simaimpianti.info\/index.php\/wp-json\/wp\/v2\/media?parent=78"}],"curies":[{"name":"wp","href":"https:\/\/api.w.org\/{rel}","templated":true}]}}